{"id":2946,"date":"2022-01-08T15:21:55","date_gmt":"2022-01-08T15:21:55","guid":{"rendered":"https:\/\/ginetteachim.com\/agenceartistique\/?page_id=2946"},"modified":"2023-09-20T17:26:58","modified_gmt":"2023-09-20T17:26:58","slug":"scoffie-lenie","status":"publish","type":"page","link":"https:\/\/ginetteachim.com\/agenceartistique\/scoffie-lenie\/","title":{"rendered":"SCOFFI\u00c9 L\u00e9nie"},"content":{"rendered":"\t\t<div data-elementor-type=\"wp-page\" data-elementor-id=\"2946\" class=\"elementor elementor-2946\">\n\t\t\t\t\t\t<div class=\"elementor-inner\">\n\t\t\t\t<div class=\"elementor-section-wrap\">\n\t\t\t\t\t\t\t\t\t<section class=\"elementor-section elementor-top-section elementor-element elementor-element-b6cc91e elementor-section-boxed elementor-section-height-default elementor-section-height-default\" data-id=\"b6cc91e\" data-element_type=\"section\" data-settings=\"{&quot;background_background&quot;:&quot;gradient&quot;}\">\n\t\t\t\t\t\t<div class=\"elementor-container elementor-column-gap-default\">\n\t\t\t\t\t\t\t<div class=\"elementor-row\">\n\t\t\t\t\t<div class=\"elementor-column elementor-col-100 elementor-top-column elementor-element elementor-element-2bada78\" data-id=\"2bada78\" data-element_type=\"column\">\n\t\t\t<div class=\"elementor-column-wrap elementor-element-populated\">\n\t\t\t\t\t\t\t<div class=\"elementor-widget-wrap\">\n\t\t\t\t\t\t<section class=\"elementor-section elementor-inner-section elementor-element elementor-element-9f2fd76 elementor-section-boxed elementor-section-height-default elementor-section-height-default\" data-id=\"9f2fd76\" data-element_type=\"section\" data-settings=\"{&quot;background_background&quot;:&quot;classic&quot;}\">\n\t\t\t\t\t\t<div class=\"elementor-container elementor-column-gap-default\">\n\t\t\t\t\t\t\t<div class=\"elementor-row\">\n\t\t\t\t\t<div class=\"elementor-column elementor-col-33 elementor-inner-column elementor-element elementor-element-c9ab0f0\" data-id=\"c9ab0f0\" data-element_type=\"column\">\n\t\t\t<div class=\"elementor-column-wrap elementor-element-populated\">\n\t\t\t\t\t\t\t<div class=\"elementor-widget-wrap\">\n\t\t\t\t\t\t<div class=\"elementor-element elementor-element-30aaf5e elementor-hidden-mobile elementor-widget elementor-widget-image\" data-id=\"30aaf5e\" data-element_type=\"widget\" data-widget_type=\"image.default\">\n\t\t\t\t<div class=\"elementor-widget-container\">\n\t\t\t\t\t\t\t\t<div class=\"elementor-image\">\n\t\t\t\t\t\t\t\t\t\t\t\t<img loading=\"lazy\" decoding=\"async\" width=\"234\" height=\"143\" src=\"https:\/\/ginetteachim.com\/agenceartistique\/wp-content\/uploads\/2021\/12\/logo_Agence-Ginette-Achim.png\" class=\"attachment-full size-full wp-image-173\" alt=\"logo Agence Ginette Achim\" \/>\t\t\t\t\t\t\t\t\t\t\t\t\t\t<\/div>\n\t\t\t\t\t\t<\/div>\n\t\t\t\t<\/div>\n\t\t\t\t<div class=\"elementor-element elementor-element-e59c2f2 elementor-nav-menu__text-align-center elementor-hidden-mobile elementor-widget elementor-widget-nav-menu\" data-id=\"e59c2f2\" data-element_type=\"widget\" data-settings=\"{&quot;layout&quot;:&quot;dropdown&quot;,&quot;submenu_icon&quot;:{&quot;value&quot;:&quot;&lt;i class=\\&quot;\\&quot;&gt;&lt;\\\/i&gt;&quot;,&quot;library&quot;:&quot;&quot;}}\" data-widget_type=\"nav-menu.default\">\n\t\t\t\t<div class=\"elementor-widget-container\">\n\t\t\t\t\t\t<nav class=\"elementor-nav-menu--dropdown elementor-nav-menu__container\" aria-hidden=\"true\">\n\t\t\t\t<ul id=\"menu-2-e59c2f2\" class=\"elementor-nav-menu\"><li class=\"menu-item menu-item-type-post_type menu-item-object-page menu-item-home menu-item-3139\"><a href=\"https:\/\/ginetteachim.com\/agenceartistique\/\" class=\"elementor-item\" tabindex=\"-1\">L&rsquo;AGENCE<\/a><\/li>\n<li class=\"menu-item menu-item-type-custom menu-item-object-custom menu-item-has-children menu-item-6991\"><a href=\"#\" class=\"elementor-item elementor-item-anchor\" tabindex=\"-1\">ARTISTES<\/a>\n<ul class=\"sub-menu elementor-nav-menu--dropdown\">\n\t<li class=\"menu-item menu-item-type-post_type menu-item-object-page menu-item-1417\"><a href=\"https:\/\/ginetteachim.com\/agenceartistique\/liste-acteurs\/\" class=\"elementor-sub-item\" tabindex=\"-1\">&#8211; Acteurs<\/a><\/li>\n\t<li class=\"menu-item menu-item-type-post_type menu-item-object-page menu-item-465\"><a href=\"https:\/\/ginetteachim.com\/agenceartistique\/liste-femmes\/\" class=\"elementor-sub-item\" tabindex=\"-1\">&#8211; Actrices<\/a><\/li>\n<\/ul>\n<\/li>\n<li class=\"menu-item menu-item-type-custom menu-item-object-custom menu-item-has-children menu-item-1419\"><a href=\"#\" class=\"elementor-item elementor-item-anchor\" tabindex=\"-1\">VOIX<\/a>\n<ul class=\"sub-menu elementor-nav-menu--dropdown\">\n\t<li class=\"menu-item menu-item-type-post_type menu-item-object-page menu-item-1416\"><a href=\"https:\/\/ginetteachim.com\/agenceartistique\/voix-acteurs\/\" class=\"elementor-sub-item\" tabindex=\"-1\">&#8211; Hommes<\/a><\/li>\n\t<li class=\"menu-item menu-item-type-post_type menu-item-object-page menu-item-1418\"><a href=\"https:\/\/ginetteachim.com\/agenceartistique\/voix-actrices\/\" class=\"elementor-sub-item\" tabindex=\"-1\">&#8211; Femmes<\/a><\/li>\n<\/ul>\n<\/li>\n<li class=\"menu-item menu-item-type-post_type menu-item-object-page menu-item-3073\"><a href=\"https:\/\/ginetteachim.com\/agenceartistique\/contact\/\" class=\"elementor-item\" tabindex=\"-1\">CONTACT<\/a><\/li>\n<\/ul>\t\t\t<\/nav>\n\t\t\t\t<\/div>\n\t\t\t\t<\/div>\n\t\t\t\t<div class=\"elementor-element elementor-element-0992a46 elementor-hidden-mobile elementor-widget elementor-widget-spacer\" data-id=\"0992a46\" data-element_type=\"widget\" data-widget_type=\"spacer.default\">\n\t\t\t\t<div class=\"elementor-widget-container\">\n\t\t\t\t\t<div class=\"elementor-spacer\">\n\t\t\t<div class=\"elementor-spacer-inner\"><\/div>\n\t\t<\/div>\n\t\t\t\t<\/div>\n\t\t\t\t<\/div>\n\t\t\t\t<div class=\"elementor-element elementor-element-8e8be6d elementor-align-left elementor-hidden-mobile elementor-widget elementor-widget-button\" data-id=\"8e8be6d\" data-element_type=\"widget\" data-widget_type=\"button.default\">\n\t\t\t\t<div class=\"elementor-widget-container\">\n\t\t\t\t\t<div class=\"elementor-button-wrapper\">\n\t\t\t<a href=\"https:\/\/ginetteachim.com\/agenceartistique\/liste-femmes\/\" class=\"elementor-button-link elementor-button elementor-size-md\" role=\"button\">\n\t\t\t\t\t\t<span class=\"elementor-button-content-wrapper\">\n\t\t\t\t\t\t\t<span class=\"elementor-button-icon elementor-align-icon-left\">\n\t\t\t\t<i aria-hidden=\"true\" class=\"fas fa-th\"><\/i>\t\t\t<\/span>\n\t\t\t\t\t\t<span class=\"elementor-button-text\">ACTRICES<\/span>\n\t\t<\/span>\n\t\t\t\t\t<\/a>\n\t\t<\/div>\n\t\t\t\t<\/div>\n\t\t\t\t<\/div>\n\t\t\t\t<div class=\"elementor-element elementor-element-4e9d4f9 elementor-align-left elementor-hidden-mobile elementor-tablet-align-center elementor-widget elementor-widget-button\" data-id=\"4e9d4f9\" data-element_type=\"widget\" data-widget_type=\"button.default\">\n\t\t\t\t<div class=\"elementor-widget-container\">\n\t\t\t\t\t<div class=\"elementor-button-wrapper\">\n\t\t\t<a href=\"https:\/\/ginetteachim.com\/agenceartistique\/liste-acteurs\/\" class=\"elementor-button-link elementor-button elementor-size-md\" role=\"button\">\n\t\t\t\t\t\t<span class=\"elementor-button-content-wrapper\">\n\t\t\t\t\t\t\t<span class=\"elementor-button-icon elementor-align-icon-left\">\n\t\t\t\t<i aria-hidden=\"true\" class=\"fas fa-th\"><\/i>\t\t\t<\/span>\n\t\t\t\t\t\t<span class=\"elementor-button-text\">ACTEURS<\/span>\n\t\t<\/span>\n\t\t\t\t\t<\/a>\n\t\t<\/div>\n\t\t\t\t<\/div>\n\t\t\t\t<\/div>\n\t\t\t\t<div class=\"elementor-element elementor-element-88de21d elementor-hidden-mobile elementor-widget elementor-widget-text-editor\" data-id=\"88de21d\" data-element_type=\"widget\" data-widget_type=\"text-editor.default\">\n\t\t\t\t<div class=\"elementor-widget-container\">\n\t\t\t\t\t\t\t\t<div class=\"elementor-text-editor elementor-clearfix\">\n\t\t\t\t<p>Taille : 1m62<br \/>Yeux : Verts<br \/>Cheveux : Blanc<br \/>Langues : Fran\u00e7ais, Anglais (avec accent)<br \/>Membre : UDA<\/p>\t\t\t\t\t<\/div>\n\t\t\t\t\t\t<\/div>\n\t\t\t\t<\/div>\n\t\t\t\t<div class=\"elementor-element elementor-element-326905b elementor-hidden-mobile elementor-widget elementor-widget-spacer\" data-id=\"326905b\" data-element_type=\"widget\" data-widget_type=\"spacer.default\">\n\t\t\t\t<div class=\"elementor-widget-container\">\n\t\t\t\t\t<div class=\"elementor-spacer\">\n\t\t\t<div class=\"elementor-spacer-inner\"><\/div>\n\t\t<\/div>\n\t\t\t\t<\/div>\n\t\t\t\t<\/div>\n\t\t\t\t<div class=\"elementor-element elementor-element-9496e9c elementor-hidden-mobile elementor-widget elementor-widget-text-editor\" data-id=\"9496e9c\" data-element_type=\"widget\" data-widget_type=\"text-editor.default\">\n\t\t\t\t<div class=\"elementor-widget-container\">\n\t\t\t\t\t\t\t\t<div class=\"elementor-text-editor elementor-clearfix\">\n\t\t\t\t<p>AGENCE ARTISTIQUE<br \/>MONTR\u00c9ALAISE<br \/>DEPUIS 1983<\/p>\t\t\t\t\t<\/div>\n\t\t\t\t\t\t<\/div>\n\t\t\t\t<\/div>\n\t\t\t\t\t\t<\/div>\n\t\t\t\t\t<\/div>\n\t\t<\/div>\n\t\t\t\t<div class=\"elementor-column elementor-col-33 elementor-inner-column elementor-element elementor-element-71b395e\" data-id=\"71b395e\" data-element_type=\"column\" data-settings=\"{&quot;background_background&quot;:&quot;classic&quot;}\">\n\t\t\t<div class=\"elementor-column-wrap elementor-element-populated\">\n\t\t\t\t\t\t\t<div class=\"elementor-widget-wrap\">\n\t\t\t\t\t\t<div class=\"elementor-element elementor-element-a68216c elementor-widget elementor-widget-spacer\" data-id=\"a68216c\" data-element_type=\"widget\" data-widget_type=\"spacer.default\">\n\t\t\t\t<div class=\"elementor-widget-container\">\n\t\t\t\t\t<div class=\"elementor-spacer\">\n\t\t\t<div class=\"elementor-spacer-inner\"><\/div>\n\t\t<\/div>\n\t\t\t\t<\/div>\n\t\t\t\t<\/div>\n\t\t\t\t<div class=\"elementor-element elementor-element-2c155fd elementor-widget elementor-widget-heading\" data-id=\"2c155fd\" data-element_type=\"widget\" data-widget_type=\"heading.default\">\n\t\t\t\t<div class=\"elementor-widget-container\">\n\t\t\t<h1 class=\"elementor-heading-title elementor-size-default\">L\u00e9nie<br><b>SCOFFI\u00c9<\/b><\/h1>\t\t<\/div>\n\t\t\t\t<\/div>\n\t\t\t\t<div class=\"elementor-element elementor-element-a68ca1d elementor-widget elementor-widget-text-editor\" data-id=\"a68ca1d\" data-element_type=\"widget\" data-widget_type=\"text-editor.default\">\n\t\t\t\t<div class=\"elementor-widget-container\">\n\t\t\t\t\t\t\t\t<div class=\"elementor-text-editor elementor-clearfix\">\n\t\t\t\t<p>COM\u00c9DIENNE <br \/><br \/><\/p>\t\t\t\t\t<\/div>\n\t\t\t\t\t\t<\/div>\n\t\t\t\t<\/div>\n\t\t\t\t<div class=\"elementor-element elementor-element-236b428 elementor-widget elementor-widget-image\" data-id=\"236b428\" data-element_type=\"widget\" data-widget_type=\"image.default\">\n\t\t\t\t<div class=\"elementor-widget-container\">\n\t\t\t\t\t\t\t\t<div class=\"elementor-image\">\n\t\t\t\t\t\t\t\t\t\t\t\t\t<a href=\"https:\/\/ginetteachim.com\/agenceartistique\/wp-content\/uploads\/2021\/02\/Scoffie_Lenie_CV.pdf\" target=\"_blank\">\n\t\t\t\t\t\t\t<img loading=\"lazy\" decoding=\"async\" width=\"168\" height=\"52\" src=\"https:\/\/ginetteachim.com\/agenceartistique\/wp-content\/uploads\/2021\/12\/bt-cv.png\" class=\"attachment-full size-full wp-image-521\" alt=\"\" \/>\t\t\t\t\t\t\t\t<\/a>\n\t\t\t\t\t\t\t\t\t\t\t\t\t\t<\/div>\n\t\t\t\t\t\t<\/div>\n\t\t\t\t<\/div>\n\t\t\t\t<div class=\"elementor-element elementor-element-7089f7e elementor-widget elementor-widget-image\" data-id=\"7089f7e\" data-element_type=\"widget\" data-widget_type=\"image.default\">\n\t\t\t\t<div class=\"elementor-widget-container\">\n\t\t\t\t\t\t\t\t<div class=\"elementor-image\">\n\t\t\t\t\t\t\t\t\t\t\t\t<img loading=\"lazy\" decoding=\"async\" width=\"327\" height=\"473\" src=\"https:\/\/ginetteachim.com\/agenceartistique\/wp-content\/uploads\/2021\/12\/ph-SCOFFIE-Lenie.jpg\" class=\"attachment-full size-full wp-image-400\" alt=\"SCOFFI\u00c9 L\u00e9nie\" srcset=\"https:\/\/ginetteachim.com\/agenceartistique\/wp-content\/uploads\/2021\/12\/ph-SCOFFIE-Lenie.jpg 327w, https:\/\/ginetteachim.com\/agenceartistique\/wp-content\/uploads\/2021\/12\/ph-SCOFFIE-Lenie-207x300.jpg 207w\" sizes=\"auto, (max-width: 327px) 100vw, 327px\" \/>\t\t\t\t\t\t\t\t\t\t\t\t\t\t<\/div>\n\t\t\t\t\t\t<\/div>\n\t\t\t\t<\/div>\n\t\t\t\t<div class=\"elementor-element elementor-element-ca1090b elementor-widget elementor-widget-spacer\" data-id=\"ca1090b\" data-element_type=\"widget\" data-widget_type=\"spacer.default\">\n\t\t\t\t<div class=\"elementor-widget-container\">\n\t\t\t\t\t<div class=\"elementor-spacer\">\n\t\t\t<div class=\"elementor-spacer-inner\"><\/div>\n\t\t<\/div>\n\t\t\t\t<\/div>\n\t\t\t\t<\/div>\n\t\t\t\t\t\t<\/div>\n\t\t\t\t\t<\/div>\n\t\t<\/div>\n\t\t\t\t<div class=\"elementor-column elementor-col-33 elementor-inner-column elementor-element elementor-element-ac0548b\" data-id=\"ac0548b\" data-element_type=\"column\">\n\t\t\t<div class=\"elementor-column-wrap elementor-element-populated\">\n\t\t\t\t\t\t\t<div class=\"elementor-widget-wrap\">\n\t\t\t\t\t\t<div class=\"elementor-element elementor-element-a1372ca elementor-align-center elementor-hidden-mobile elementor-widget elementor-widget-button\" data-id=\"a1372ca\" data-element_type=\"widget\" data-widget_type=\"button.default\">\n\t\t\t\t<div class=\"elementor-widget-container\">\n\t\t\t\t\t<div class=\"elementor-button-wrapper\">\n\t\t\t<a href=\"tel:+15142713737\" class=\"elementor-button-link elementor-button elementor-size-md\" role=\"button\">\n\t\t\t\t\t\t<span class=\"elementor-button-content-wrapper\">\n\t\t\t\t\t\t\t<span class=\"elementor-button-icon elementor-align-icon-left\">\n\t\t\t\t<i aria-hidden=\"true\" class=\"far fa-star\"><\/i>\t\t\t<\/span>\n\t\t\t\t\t\t<span class=\"elementor-button-text\">514-271-3737<\/span>\n\t\t<\/span>\n\t\t\t\t\t<\/a>\n\t\t<\/div>\n\t\t\t\t<\/div>\n\t\t\t\t<\/div>\n\t\t\t\t<div class=\"elementor-element elementor-element-57c6888 elementor-hidden-mobile elementor-widget elementor-widget-spacer\" data-id=\"57c6888\" data-element_type=\"widget\" data-widget_type=\"spacer.default\">\n\t\t\t\t<div class=\"elementor-widget-container\">\n\t\t\t\t\t<div class=\"elementor-spacer\">\n\t\t\t<div class=\"elementor-spacer-inner\"><\/div>\n\t\t<\/div>\n\t\t\t\t<\/div>\n\t\t\t\t<\/div>\n\t\t\t\t<div class=\"elementor-element elementor-element-2debb99 elementor-widget elementor-widget-premium-img-gallery\" data-id=\"2debb99\" data-element_type=\"widget\" data-settings=\"{&quot;premium_gallery_img_content&quot;:[{&quot;premium_gallery_img&quot;:{&quot;url&quot;:&quot;https:\\\/\\\/ginetteachim.com\\\/agenceartistique\\\/wp-content\\\/uploads\\\/2023\\\/04\\\/lenie-scoffie-video.jpg&quot;,&quot;id&quot;:7767,&quot;size&quot;:&quot;&quot;,&quot;alt&quot;:&quot;scoffie lenie&quot;,&quot;source&quot;:&quot;library&quot;},&quot;premium_gallery_video_type&quot;:&quot;vimeo&quot;,&quot;premium_gallery_video_url&quot;:&quot;https:\\\/\\\/vimeo.com\\\/816604043&quot;,&quot;_id&quot;:&quot;b4caaa0&quot;,&quot;premium_gallery_video&quot;:&quot;true&quot;,&quot;premium_gallery_img_name&quot;:&quot;Publicit\\u00e9&quot;,&quot;premium_gallery_image_cell&quot;:{&quot;unit&quot;:&quot;px&quot;,&quot;size&quot;:4,&quot;sizes&quot;:[]},&quot;premium_gallery_image_cell_tablet&quot;:{&quot;unit&quot;:&quot;px&quot;,&quot;size&quot;:&quot;&quot;,&quot;sizes&quot;:[]},&quot;premium_gallery_image_cell_mobile&quot;:{&quot;unit&quot;:&quot;px&quot;,&quot;size&quot;:&quot;&quot;,&quot;sizes&quot;:[]},&quot;premium_gallery_image_vcell&quot;:{&quot;unit&quot;:&quot;px&quot;,&quot;size&quot;:4,&quot;sizes&quot;:[]},&quot;premium_gallery_image_vcell_tablet&quot;:{&quot;unit&quot;:&quot;px&quot;,&quot;size&quot;:&quot;&quot;,&quot;sizes&quot;:[]},&quot;premium_gallery_image_vcell_mobile&quot;:{&quot;unit&quot;:&quot;px&quot;,&quot;size&quot;:&quot;&quot;,&quot;sizes&quot;:[]},&quot;premium_gallery_video_self&quot;:null,&quot;premium_gallery_video_self_url&quot;:null,&quot;premium_gallery_video_controls&quot;:&quot;true&quot;,&quot;premium_gallery_video_mute&quot;:&quot;&quot;,&quot;premium_gallery_video_loop&quot;:&quot;&quot;,&quot;download_button&quot;:null,&quot;privacy_mode&quot;:null,&quot;premmium_gallery_img_info&quot;:&quot;&quot;,&quot;premium_gallery_img_desc&quot;:&quot;&quot;,&quot;premium_gallery_img_category&quot;:&quot;&quot;,&quot;premium_gallery_img_link_type&quot;:null,&quot;premium_gallery_img_link&quot;:null,&quot;premium_gallery_img_existing&quot;:null,&quot;premium_gallery_link_whole&quot;:null,&quot;premium_gallery_lightbox_whole&quot;:null},{&quot;premium_gallery_img&quot;:{&quot;url&quot;:&quot;https:\\\/\\\/ginetteachim.com\\\/agenceartistique\\\/wp-content\\\/uploads\\\/2022\\\/01\\\/thumbnail-youtube1-28.jpg&quot;,&quot;id&quot;:2948,&quot;size&quot;:&quot;&quot;,&quot;alt&quot;:&quot;Scoffi\\u00e9 lenie&quot;,&quot;source&quot;:&quot;library&quot;},&quot;premium_gallery_video_type&quot;:&quot;vimeo&quot;,&quot;premium_gallery_video_url&quot;:&quot;https:\\\/\\\/vimeo.com\\\/365591834&quot;,&quot;premium_gallery_video&quot;:&quot;true&quot;,&quot;premium_gallery_img_name&quot;:&quot;Demo&quot;,&quot;_id&quot;:&quot;13d837e&quot;,&quot;premium_gallery_image_cell&quot;:{&quot;unit&quot;:&quot;px&quot;,&quot;size&quot;:4,&quot;sizes&quot;:[]},&quot;premium_gallery_image_cell_tablet&quot;:{&quot;unit&quot;:&quot;px&quot;,&quot;size&quot;:&quot;&quot;,&quot;sizes&quot;:[]},&quot;premium_gallery_image_cell_mobile&quot;:{&quot;unit&quot;:&quot;px&quot;,&quot;size&quot;:&quot;&quot;,&quot;sizes&quot;:[]},&quot;premium_gallery_image_vcell&quot;:{&quot;unit&quot;:&quot;px&quot;,&quot;size&quot;:4,&quot;sizes&quot;:[]},&quot;premium_gallery_image_vcell_tablet&quot;:{&quot;unit&quot;:&quot;px&quot;,&quot;size&quot;:&quot;&quot;,&quot;sizes&quot;:[]},&quot;premium_gallery_image_vcell_mobile&quot;:{&quot;unit&quot;:&quot;px&quot;,&quot;size&quot;:&quot;&quot;,&quot;sizes&quot;:[]},&quot;premium_gallery_video_self&quot;:null,&quot;premium_gallery_video_self_url&quot;:null,&quot;premium_gallery_video_controls&quot;:&quot;true&quot;,&quot;premium_gallery_video_mute&quot;:&quot;&quot;,&quot;premium_gallery_video_loop&quot;:&quot;&quot;,&quot;download_button&quot;:null,&quot;privacy_mode&quot;:null,&quot;premmium_gallery_img_info&quot;:&quot;&quot;,&quot;premium_gallery_img_desc&quot;:&quot;&quot;,&quot;premium_gallery_img_category&quot;:&quot;&quot;,&quot;premium_gallery_img_link_type&quot;:null,&quot;premium_gallery_img_link&quot;:null,&quot;premium_gallery_img_existing&quot;:null,&quot;premium_gallery_link_whole&quot;:null,&quot;premium_gallery_lightbox_whole&quot;:null}]}\" data-widget_type=\"premium-img-gallery.default\">\n\t\t\t\t<div class=\"elementor-widget-container\">\n\t\t\t\n\t<div id=\"premium-img-gallery-2debb99\" class=\"elementor-invisible premium-img-gallery premium-img-gallery-fitRows zoomin premium-gallery-icon-show\">\n\t\t\n\t\t<div class=\"premium-gallery-container\" data-settings=\"{&quot;img_size&quot;:&quot;fitRows&quot;,&quot;filter&quot;:&quot;&quot;,&quot;theme&quot;:&quot;dark_square&quot;,&quot;active_cat&quot;:&quot;*&quot;,&quot;ltr_mode&quot;:true,&quot;shuffle&quot;:false,&quot;sort_by&quot;:&quot;original-order&quot;,&quot;skin&quot;:&quot;default&quot;,&quot;light_box&quot;:&quot;yes&quot;,&quot;lightbox_type&quot;:&quot;default&quot;,&quot;overlay&quot;:true}\">\n\n\t\t\t\t\t\t\t<div class=\"premium-gallery-item elementor-repeater-item-b4caaa0  premium-gallery-video-item\">\n\t\t\t\t<div class=\"pa-gallery-img default\" onclick=\"\">\n\t\t\t\t\t<div class=\"pa-gallery-img-container\">\n\t\t\t\t\t\t\t\t\t<div class=\"premium-gallery-video-wrap\" data-type=\"vimeo\">\n\t\t\t\t\t\t\t\t\t<div class=\"premium-gallery-iframe-wrap\" data-src=\"https:\/\/player.vimeo.com\/video\/816604043?loop=0&#038;autoplay=1&#038;controls=1&#038;muted=0&#038;autopause=0#t=\"><\/div>\n\t\t\t\t\t\t\t\t<\/div>\n\t\t\t\t<img decoding=\"async\" src=\"https:\/\/ginetteachim.com\/agenceartistique\/wp-content\/uploads\/elementor\/thumbs\/lenie-scoffie-video-q4v6lxvsnj9tyr1hz08qj4nmvpqsio19aprw3fjs62.jpg\" title=\"lenie-scoffie-video\" alt=\"scoffie lenie\" loading=\"lazy\" \/>\t\t\t\t\t\t\t<\/div>\n\t\t\t\t\t\t\t\t\t\t\t\t<div class=\"pa-gallery-icons-wrapper\">\n\t\t\t\t\t\t\t\t<div class=\"pa-gallery-icons-inner-container\">\n\t\t\t\t\t\t\t\t\t\t\t\t<div>\n\t\t\t\t<a class=\"pa-gallery-lightbox-wrap pa-gallery-magnific-image pa-gallery-video-icon\" tabindex=\"0\" href=\"https:\/\/player.vimeo.com\/video\/816604043?loop=0&#038;autoplay=1&#038;controls=1&#038;muted=0&#038;autopause=0#t=&#038;iframe=true\" data-rel=\"prettyPhoto[premium-grid-2debb99]\">\n\t\t\t\t\t<span>\n\t\t\t\t\t\t<i aria-hidden=\"true\" class=\"fas fa-play\"><\/i>\t\t\t\t\t<\/span>\n\t\t\t\t<\/a>\n\t\t\t<\/div>\n\n\t\t\t\t\t\t\t\t\t\t\t<\/div>\n\t\t\t\t\t\t\t<\/div>\n\t\t\t\t\t\t\t\t\t\t<div class=\"premium-gallery-caption\">\n\n\t\t\t\t\t\t\t\t\t<span class=\"premium-gallery-img-name\">Publicit\u00e9<\/span>\n\t\t\t\t\t\n\t\t\t<\/div>\n\t\t\t\t\t\t\t\t\t\t<\/div>\n\t\t\t\t\t\t<\/div>\n\t\t\t\t\t\t\t\t\t\t<div class=\"premium-gallery-item elementor-repeater-item-13d837e  premium-gallery-video-item\">\n\t\t\t\t<div class=\"pa-gallery-img default\" onclick=\"\">\n\t\t\t\t\t<div class=\"pa-gallery-img-container\">\n\t\t\t\t\t\t\t\t\t<div class=\"premium-gallery-video-wrap\" data-type=\"vimeo\">\n\t\t\t\t\t\t\t\t\t<div class=\"premium-gallery-iframe-wrap\" data-src=\"https:\/\/player.vimeo.com\/video\/365591834?loop=0&#038;autoplay=1&#038;controls=1&#038;muted=0&#038;autopause=0#t=\"><\/div>\n\t\t\t\t\t\t\t\t<\/div>\n\t\t\t\t<img decoding=\"async\" src=\"https:\/\/ginetteachim.com\/agenceartistique\/wp-content\/uploads\/elementor\/thumbs\/thumbnail-youtube1-28-piptuqhk6vzveodg0m8v8r4mp4vsyfz9y4macxc40q.jpg\" title=\"thumbnail-youtube1\" alt=\"Scoffi\u00e9 lenie\" loading=\"lazy\" \/>\t\t\t\t\t\t\t<\/div>\n\t\t\t\t\t\t\t\t\t\t\t\t<div class=\"pa-gallery-icons-wrapper\">\n\t\t\t\t\t\t\t\t<div class=\"pa-gallery-icons-inner-container\">\n\t\t\t\t\t\t\t\t\t\t\t\t<div>\n\t\t\t\t<a class=\"pa-gallery-lightbox-wrap pa-gallery-magnific-image pa-gallery-video-icon\" tabindex=\"0\" href=\"https:\/\/player.vimeo.com\/video\/365591834?loop=0&#038;autoplay=1&#038;controls=1&#038;muted=0&#038;autopause=0#t=&#038;iframe=true\" data-rel=\"prettyPhoto[premium-grid-2debb99]\">\n\t\t\t\t\t<span>\n\t\t\t\t\t\t<i aria-hidden=\"true\" class=\"fas fa-play\"><\/i>\t\t\t\t\t<\/span>\n\t\t\t\t<\/a>\n\t\t\t<\/div>\n\n\t\t\t\t\t\t\t\t\t\t\t<\/div>\n\t\t\t\t\t\t\t<\/div>\n\t\t\t\t\t\t\t\t\t\t<div class=\"premium-gallery-caption\">\n\n\t\t\t\t\t\t\t\t\t<span class=\"premium-gallery-img-name\">Demo<\/span>\n\t\t\t\t\t\n\t\t\t<\/div>\n\t\t\t\t\t\t\t\t\t\t<\/div>\n\t\t\t\t\t\t<\/div>\n\t\t\t\t\t\t\n\t\t\t\t\t<\/div>\n\n\t\t\n\t<\/div>\n\n\t\t\n\t\t\n\t\t\t\t<\/div>\n\t\t\t\t<\/div>\n\t\t\t\t\t\t<\/div>\n\t\t\t\t\t<\/div>\n\t\t<\/div>\n\t\t\t\t\t\t\t\t<\/div>\n\t\t\t\t\t<\/div>\n\t\t<\/section>\n\t\t\t\t\t\t<\/div>\n\t\t\t\t\t<\/div>\n\t\t<\/div>\n\t\t\t\t\t\t\t\t<\/div>\n\t\t\t\t\t<\/div>\n\t\t<\/section>\n\t\t\t\t\t\t\t\t\t<\/div>\n\t\t\t<\/div>\n\t\t\t\t\t<\/div>\n\t\t","protected":false},"excerpt":{"rendered":"<p>ACTRICES ACTEURS Taille : 1m62Yeux : VertsCheveux : BlancLangues : Fran\u00e7ais, Anglais (avec accent)Membre : UDA AGENCE ARTISTIQUEMONTR\u00c9ALAISEDEPUIS 1983 L\u00e9nieSCOFFI\u00c9 COM\u00c9DIENNE 514-271-3737 Publicit\u00e9 Demo<\/p>\n","protected":false},"author":1,"featured_media":400,"parent":0,"menu_order":0,"comment_status":"closed","ping_status":"closed","template":"","meta":{"_kad_post_transparent":"","_kad_post_title":"hide","_kad_post_layout":"fullwidth","_kad_post_sidebar_id":"","_kad_post_content_style":"unboxed","_kad_post_vertical_padding":"hide","_kad_post_feature":"hide","_kad_post_feature_position":"","_kad_post_header":false,"_kad_post_footer":false,"footnotes":""},"class_list":["post-2946","page","type-page","status-publish","has-post-thumbnail","hentry"],"aioseo_notices":[],"_links":{"self":[{"href":"https:\/\/ginetteachim.com\/agenceartistique\/wp-json\/wp\/v2\/pages\/2946","targetHints":{"allow":["GET"]}}],"collection":[{"href":"https:\/\/ginetteachim.com\/agenceartistique\/wp-json\/wp\/v2\/pages"}],"about":[{"href":"https:\/\/ginetteachim.com\/agenceartistique\/wp-json\/wp\/v2\/types\/page"}],"author":[{"embeddable":true,"href":"https:\/\/ginetteachim.com\/agenceartistique\/wp-json\/wp\/v2\/users\/1"}],"replies":[{"embeddable":true,"href":"https:\/\/ginetteachim.com\/agenceartistique\/wp-json\/wp\/v2\/comments?post=2946"}],"version-history":[{"count":6,"href":"https:\/\/ginetteachim.com\/agenceartistique\/wp-json\/wp\/v2\/pages\/2946\/revisions"}],"predecessor-version":[{"id":8253,"href":"https:\/\/ginetteachim.com\/agenceartistique\/wp-json\/wp\/v2\/pages\/2946\/revisions\/8253"}],"wp:featuredmedia":[{"embeddable":true,"href":"https:\/\/ginetteachim.com\/agenceartistique\/wp-json\/wp\/v2\/media\/400"}],"wp:attachment":[{"href":"https:\/\/ginetteachim.com\/agenceartistique\/wp-json\/wp\/v2\/media?parent=2946"}],"curies":[{"name":"wp","href":"https:\/\/api.w.org\/{rel}","templated":true}]}}