{"id":9488,"date":"2025-06-17T13:10:07","date_gmt":"2025-06-17T13:10:07","guid":{"rendered":"https:\/\/ginetteachim.com\/agenceartistique\/?page_id=9488"},"modified":"2025-06-17T13:12:17","modified_gmt":"2025-06-17T13:12:17","slug":"politique-confidentialite","status":"publish","type":"page","link":"https:\/\/ginetteachim.com\/agenceartistique\/politique-confidentialite\/","title":{"rendered":"Politique confidentialite"},"content":{"rendered":"\t\t<div data-elementor-type=\"wp-page\" data-elementor-id=\"9488\" class=\"elementor elementor-9488\">\n\t\t\t\t\t\t<div class=\"elementor-inner\">\n\t\t\t\t<div class=\"elementor-section-wrap\">\n\t\t\t\t\t\t\t\t\t<section class=\"elementor-section elementor-top-section elementor-element elementor-element-b6cc91e elementor-section-boxed elementor-section-height-default elementor-section-height-default\" data-id=\"b6cc91e\" data-element_type=\"section\" data-settings=\"{&quot;background_background&quot;:&quot;gradient&quot;}\">\n\t\t\t\t\t\t<div class=\"elementor-container elementor-column-gap-default\">\n\t\t\t\t\t\t\t<div class=\"elementor-row\">\n\t\t\t\t\t<div class=\"elementor-column elementor-col-100 elementor-top-column elementor-element elementor-element-2bada78\" data-id=\"2bada78\" data-element_type=\"column\">\n\t\t\t<div class=\"elementor-column-wrap elementor-element-populated\">\n\t\t\t\t\t\t\t<div class=\"elementor-widget-wrap\">\n\t\t\t\t\t\t<section class=\"elementor-section elementor-inner-section elementor-element elementor-element-9f2fd76 elementor-section-boxed elementor-section-height-default elementor-section-height-default\" data-id=\"9f2fd76\" data-element_type=\"section\" data-settings=\"{&quot;background_background&quot;:&quot;classic&quot;}\">\n\t\t\t\t\t\t<div class=\"elementor-container elementor-column-gap-default\">\n\t\t\t\t\t\t\t<div class=\"elementor-row\">\n\t\t\t\t\t<div class=\"elementor-column elementor-col-33 elementor-inner-column elementor-element elementor-element-c9ab0f0\" data-id=\"c9ab0f0\" data-element_type=\"column\">\n\t\t\t<div class=\"elementor-column-wrap elementor-element-populated\">\n\t\t\t\t\t\t\t<div class=\"elementor-widget-wrap\">\n\t\t\t\t\t\t<div class=\"elementor-element elementor-element-30aaf5e elementor-hidden-mobile elementor-widget elementor-widget-image\" data-id=\"30aaf5e\" data-element_type=\"widget\" data-widget_type=\"image.default\">\n\t\t\t\t<div class=\"elementor-widget-container\">\n\t\t\t\t\t\t\t\t<div class=\"elementor-image\">\n\t\t\t\t\t\t\t\t\t\t\t\t<img loading=\"lazy\" decoding=\"async\" width=\"234\" height=\"143\" src=\"https:\/\/ginetteachim.com\/agenceartistique\/wp-content\/uploads\/2021\/12\/logo_Agence-Ginette-Achim.png\" class=\"attachment-full size-full wp-image-173\" alt=\"logo Agence Ginette Achim\" \/>\t\t\t\t\t\t\t\t\t\t\t\t\t\t<\/div>\n\t\t\t\t\t\t<\/div>\n\t\t\t\t<\/div>\n\t\t\t\t<div class=\"elementor-element elementor-element-e59c2f2 elementor-nav-menu__text-align-center elementor-hidden-mobile elementor-widget elementor-widget-nav-menu\" data-id=\"e59c2f2\" data-element_type=\"widget\" data-settings=\"{&quot;layout&quot;:&quot;dropdown&quot;,&quot;submenu_icon&quot;:{&quot;value&quot;:&quot;&lt;i class=\\&quot;\\&quot;&gt;&lt;\\\/i&gt;&quot;,&quot;library&quot;:&quot;&quot;}}\" data-widget_type=\"nav-menu.default\">\n\t\t\t\t<div class=\"elementor-widget-container\">\n\t\t\t\t\t\t<nav class=\"elementor-nav-menu--dropdown elementor-nav-menu__container\" aria-hidden=\"true\">\n\t\t\t\t<ul id=\"menu-2-e59c2f2\" class=\"elementor-nav-menu\"><li class=\"menu-item menu-item-type-post_type menu-item-object-page menu-item-home menu-item-3139\"><a href=\"https:\/\/ginetteachim.com\/agenceartistique\/\" class=\"elementor-item\" tabindex=\"-1\">L&rsquo;AGENCE<\/a><\/li>\n<li class=\"menu-item menu-item-type-custom menu-item-object-custom menu-item-has-children menu-item-6991\"><a href=\"#\" class=\"elementor-item elementor-item-anchor\" tabindex=\"-1\">ARTISTES<\/a>\n<ul class=\"sub-menu elementor-nav-menu--dropdown\">\n\t<li class=\"menu-item menu-item-type-post_type menu-item-object-page menu-item-1417\"><a href=\"https:\/\/ginetteachim.com\/agenceartistique\/liste-acteurs\/\" class=\"elementor-sub-item\" tabindex=\"-1\">&#8211; Acteurs<\/a><\/li>\n\t<li class=\"menu-item menu-item-type-post_type menu-item-object-page menu-item-465\"><a href=\"https:\/\/ginetteachim.com\/agenceartistique\/liste-femmes\/\" class=\"elementor-sub-item\" tabindex=\"-1\">&#8211; Actrices<\/a><\/li>\n<\/ul>\n<\/li>\n<li class=\"menu-item menu-item-type-custom menu-item-object-custom menu-item-has-children menu-item-1419\"><a href=\"#\" class=\"elementor-item elementor-item-anchor\" tabindex=\"-1\">VOIX<\/a>\n<ul class=\"sub-menu elementor-nav-menu--dropdown\">\n\t<li class=\"menu-item menu-item-type-post_type menu-item-object-page menu-item-1416\"><a href=\"https:\/\/ginetteachim.com\/agenceartistique\/voix-acteurs\/\" class=\"elementor-sub-item\" tabindex=\"-1\">&#8211; Hommes<\/a><\/li>\n\t<li class=\"menu-item menu-item-type-post_type menu-item-object-page menu-item-1418\"><a href=\"https:\/\/ginetteachim.com\/agenceartistique\/voix-actrices\/\" class=\"elementor-sub-item\" tabindex=\"-1\">&#8211; Femmes<\/a><\/li>\n<\/ul>\n<\/li>\n<li class=\"menu-item menu-item-type-post_type menu-item-object-page menu-item-3073\"><a href=\"https:\/\/ginetteachim.com\/agenceartistique\/contact\/\" class=\"elementor-item\" tabindex=\"-1\">CONTACT<\/a><\/li>\n<\/ul>\t\t\t<\/nav>\n\t\t\t\t<\/div>\n\t\t\t\t<\/div>\n\t\t\t\t<div class=\"elementor-element elementor-element-0992a46 elementor-hidden-mobile elementor-widget elementor-widget-spacer\" data-id=\"0992a46\" data-element_type=\"widget\" data-widget_type=\"spacer.default\">\n\t\t\t\t<div class=\"elementor-widget-container\">\n\t\t\t\t\t<div class=\"elementor-spacer\">\n\t\t\t<div class=\"elementor-spacer-inner\"><\/div>\n\t\t<\/div>\n\t\t\t\t<\/div>\n\t\t\t\t<\/div>\n\t\t\t\t<div class=\"elementor-element elementor-element-326905b elementor-hidden-mobile elementor-widget elementor-widget-spacer\" data-id=\"326905b\" data-element_type=\"widget\" data-widget_type=\"spacer.default\">\n\t\t\t\t<div class=\"elementor-widget-container\">\n\t\t\t\t\t<div class=\"elementor-spacer\">\n\t\t\t<div class=\"elementor-spacer-inner\"><\/div>\n\t\t<\/div>\n\t\t\t\t<\/div>\n\t\t\t\t<\/div>\n\t\t\t\t\t\t<\/div>\n\t\t\t\t\t<\/div>\n\t\t<\/div>\n\t\t\t\t<div class=\"elementor-column elementor-col-33 elementor-inner-column elementor-element elementor-element-71b395e\" data-id=\"71b395e\" data-element_type=\"column\" data-settings=\"{&quot;background_background&quot;:&quot;classic&quot;}\">\n\t\t\t<div class=\"elementor-column-wrap elementor-element-populated\">\n\t\t\t\t\t\t\t<div class=\"elementor-widget-wrap\">\n\t\t\t\t\t\t<div class=\"elementor-element elementor-element-a68216c elementor-widget elementor-widget-spacer\" data-id=\"a68216c\" data-element_type=\"widget\" data-widget_type=\"spacer.default\">\n\t\t\t\t<div class=\"elementor-widget-container\">\n\t\t\t\t\t<div class=\"elementor-spacer\">\n\t\t\t<div class=\"elementor-spacer-inner\"><\/div>\n\t\t<\/div>\n\t\t\t\t<\/div>\n\t\t\t\t<\/div>\n\t\t\t\t<div class=\"elementor-element elementor-element-79a100a elementor-widget elementor-widget-text-editor\" data-id=\"79a100a\" data-element_type=\"widget\" data-widget_type=\"text-editor.default\">\n\t\t\t\t<div class=\"elementor-widget-container\">\n\t\t\t\t\t\t\t\t<div class=\"elementor-text-editor elementor-clearfix\">\n\t\t\t\t<h1 id=\"politique-de-protection-des-renseignements-personnels\">Politique de protection des renseignements personnels<\/h1><h2 id=\"introduction\">Introduction<\/h2><p>Dans le cadre de notre engagement envers la protection de la vie priv\u00e9e, nous prenons au s\u00e9rieux la confidentialit\u00e9 des informations que vous nous confiez. Cette politique a pour but de vous informer sur la mani\u00e8re dont nous collectons, utilisons et prot\u00e9geons vos donn\u00e9es personnelles.<\/p><p>Notre chef de la protection des donn\u00e9es et de la vie priv\u00e9e supervise ces m\u00e9thodes. Pour toute interrogation sur cette politique, vous pouvez le contacter aux adresses indiqu\u00e9es.<\/p><p><a href=\"mailto:coordo@ginetteachim.com\">coordo@ginetteachim.com<\/a><\/p><p>Chef de la protection des donn\u00e9es et de la vie priv\u00e9e: 1053 rue Laurier Ouest, Outremont, Qu\u00e9bec, H2V 2L2<\/p><h2 id=\"nature-des-informations-collect\u00e9es\">Nature des informations collect\u00e9es<\/h2><p>Nous collectons les donn\u00e9es personnelles que vous nous fournissez via notre site web d\u00e8s que vous communiquez ou interagissez avec nous.<\/p><p>Les donn\u00e9es personnelles que nous pouvons collecter sont issus de Google Analytics incluent en autres :<\/p><ul><li>Votre adresse IP\u00a0<\/li><li>Type de navigateur<\/li><li>Zone g\u00e9ographique<\/li><\/ul><h2 id=\"fins-de-la-collecte\">Fins de la collecte<\/h2><p>Avec votre accord, les donn\u00e9es collect\u00e9es sont utilis\u00e9es dans les objectifs suivants :<\/p><ul><li>Fournir les services ou produits que vous avez demand\u00e9s<\/li><li>Am\u00e9liorer notre site web et nos services<\/li><li>Mettre en avant des produits et services susceptibles de vous int\u00e9resser, y compris des annonces sur mesure sur les r\u00e9seaux sociaux et plateformes num\u00e9riques.<\/li><\/ul><p>Nous employons aussi des fichiers t\u00e9moins (cookies) essentiels obligatoires que ne vous pouvez pas d\u00e9sactiver\u202f pour le bon fonctionnement et la s\u00e9curit\u00e9 de nos sites. Ils s\u00e9curisent votre connexion, adaptent l\u2019interface \u00e0 vos choix (ex. choix de la langue) et gardent en m\u00e9moire vos pr\u00e9f\u00e9rences de cookies.<\/p><h2 id=\"moyens-de-collecte\">Moyens de collecte<\/h2><p>Nous collectons vos informations via :<\/p><ul><li>Fichiers t\u00e9moins<\/li><\/ul><h2 id=\"plateforme-de-m\u00e9dias-sociaux-et-sites-tiers\">Plateforme de m\u00e9dias sociaux et sites tiers<\/h2><p>Nous avons une pr\u00e9sence sur diverses plateformes de m\u00e9dias sociaux comme Meta. Lorsque vous interagissez avec nous via ces plateformes, veuillez noter que leurs propres termes et conditions ainsi que leurs politiques de confidentialit\u00e9 s\u2019appliquent.<\/p><p>Nos sites web peuvent inclure des liens vers d\u2019autres sites ou services qui ne sont pas sous notre contr\u00f4le. Une fois que vous naviguez en dehors de nos sites, notre politique de confidentialit\u00e9 ne s\u2019applique plus.<\/p><p>Avant de partager toute information personnelle sur ces plateformes de m\u00e9dias sociaux ou sur d\u2019autres sites et services, nous vous conseillons de consulter attentivement leurs politiques de confidentialit\u00e9 et leurs directives sur les fichiers t\u00e9moins.<\/p><h2 id=\"modifier-vos-pr\u00e9f\u00e9rences\">Modifier vos pr\u00e9f\u00e9rences<\/h2><p><a>Vous pouvez toujours d\u00e9sactiver les fichiers t\u00e9moins non essentiels \u00e0 nos sites. Il est aussi possible de changer vos param\u00e8tres ou de r\u00e9activer les fichiers t\u00e9moins plus tard.<\/a><\/p><h2 id=\"dur\u00e9e-de-conservation-de-vos-pr\u00e9f\u00e9rences-de-fichiers-t\u00e9moins\">Dur\u00e9e de conservation de vos pr\u00e9f\u00e9rences de fichiers t\u00e9moins<\/h2><p>Vos pr\u00e9f\u00e9rences de fichiers t\u00e9moins sont sauvegard\u00e9es sur votre appareil pendant 6 mois. Apr\u00e8s cette p\u00e9riode, la banni\u00e8re sur l\u2019usage des fichiers t\u00e9moins r\u00e9appara\u00eetra.<\/p><h2 id=\"mesures-de-s\u00e9curit\u00e9\">Mesures de s\u00e9curit\u00e9<\/h2><p>Pour prot\u00e9ger vos donn\u00e9es, nous utilisons :<\/p><ul><li>Protocole SSL<\/li><li>Gestion des acc\u00e8s s\u00e9curis\u00e9e<\/li><li>Sauvegardes r\u00e9guli\u00e8res<\/li><\/ul><h2 id=\"droits-dacc\u00e8s-\u00e0-vos-donn\u00e9es\">Droits d\u2019acc\u00e8s \u00e0 vos donn\u00e9es<\/h2><p>Vous avez le droit d\u2019acc\u00e9der, de rectifier ou de supprimer vos donn\u00e9es personnelles que nous d\u00e9tenons sur vous. Vous pouvez faire une demande :<\/p><ul><li>Adresse : 1053 rue Laurier Ouest<br \/>Outremont, Qu\u00e9bec<br \/>H2V 2L2<\/li><li>Courriel :\u00a0<a href=\"mailto:coordo@ginetteachim.com\">coordo@ginetteachim.com<\/a><\/li><li>T\u00e9l\u00e9phone : <a href=\"tel:15142713737\" target=\"_blank\" rel=\"noopener\"><strong>514-271-3737<\/strong><\/a><\/li><\/ul><p>Mise \u00e0 jour : 17\/06\/2025<\/p>\t\t\t\t\t<\/div>\n\t\t\t\t\t\t<\/div>\n\t\t\t\t<\/div>\n\t\t\t\t<div class=\"elementor-element elementor-element-ca1090b elementor-widget elementor-widget-spacer\" data-id=\"ca1090b\" data-element_type=\"widget\" data-widget_type=\"spacer.default\">\n\t\t\t\t<div class=\"elementor-widget-container\">\n\t\t\t\t\t<div class=\"elementor-spacer\">\n\t\t\t<div class=\"elementor-spacer-inner\"><\/div>\n\t\t<\/div>\n\t\t\t\t<\/div>\n\t\t\t\t<\/div>\n\t\t\t\t\t\t<\/div>\n\t\t\t\t\t<\/div>\n\t\t<\/div>\n\t\t\t\t<div class=\"elementor-column elementor-col-33 elementor-inner-column elementor-element elementor-element-ac0548b\" data-id=\"ac0548b\" data-element_type=\"column\">\n\t\t\t<div class=\"elementor-column-wrap elementor-element-populated\">\n\t\t\t\t\t\t\t<div class=\"elementor-widget-wrap\">\n\t\t\t\t\t\t<div class=\"elementor-element elementor-element-a1372ca elementor-align-center elementor-hidden-mobile elementor-widget elementor-widget-button\" data-id=\"a1372ca\" data-element_type=\"widget\" data-widget_type=\"button.default\">\n\t\t\t\t<div class=\"elementor-widget-container\">\n\t\t\t\t\t<div class=\"elementor-button-wrapper\">\n\t\t\t<a href=\"tel:+15142713737\" class=\"elementor-button-link elementor-button elementor-size-md\" role=\"button\">\n\t\t\t\t\t\t<span class=\"elementor-button-content-wrapper\">\n\t\t\t\t\t\t\t<span class=\"elementor-button-icon elementor-align-icon-left\">\n\t\t\t\t<i aria-hidden=\"true\" class=\"far fa-star\"><\/i>\t\t\t<\/span>\n\t\t\t\t\t\t<span class=\"elementor-button-text\">514-271-3737<\/span>\n\t\t<\/span>\n\t\t\t\t\t<\/a>\n\t\t<\/div>\n\t\t\t\t<\/div>\n\t\t\t\t<\/div>\n\t\t\t\t<div class=\"elementor-element elementor-element-57c6888 elementor-hidden-mobile elementor-widget elementor-widget-spacer\" data-id=\"57c6888\" data-element_type=\"widget\" data-widget_type=\"spacer.default\">\n\t\t\t\t<div class=\"elementor-widget-container\">\n\t\t\t\t\t<div class=\"elementor-spacer\">\n\t\t\t<div class=\"elementor-spacer-inner\"><\/div>\n\t\t<\/div>\n\t\t\t\t<\/div>\n\t\t\t\t<\/div>\n\t\t\t\t<div class=\"elementor-element elementor-element-9496e9c elementor-hidden-mobile elementor-widget elementor-widget-text-editor\" data-id=\"9496e9c\" data-element_type=\"widget\" data-widget_type=\"text-editor.default\">\n\t\t\t\t<div class=\"elementor-widget-container\">\n\t\t\t\t\t\t\t\t<div class=\"elementor-text-editor elementor-clearfix\">\n\t\t\t\t<p>AGENCE ARTISTIQUE<br \/>MONTR\u00c9ALAISE<br \/>DEPUIS 1983<\/p>\t\t\t\t\t<\/div>\n\t\t\t\t\t\t<\/div>\n\t\t\t\t<\/div>\n\t\t\t\t\t\t<\/div>\n\t\t\t\t\t<\/div>\n\t\t<\/div>\n\t\t\t\t\t\t\t\t<\/div>\n\t\t\t\t\t<\/div>\n\t\t<\/section>\n\t\t\t\t\t\t<\/div>\n\t\t\t\t\t<\/div>\n\t\t<\/div>\n\t\t\t\t\t\t\t\t<\/div>\n\t\t\t\t\t<\/div>\n\t\t<\/section>\n\t\t\t\t\t\t\t\t\t<\/div>\n\t\t\t<\/div>\n\t\t\t\t\t<\/div>\n\t\t","protected":false},"excerpt":{"rendered":"<p>Politique de protection des renseignements personnels Introduction Dans le cadre de notre engagement envers la protection de la vie priv\u00e9e, nous prenons au s\u00e9rieux la confidentialit\u00e9 des informations que vous nous confiez. Cette politique a pour but de vous informer sur la mani\u00e8re dont nous collectons, utilisons et prot\u00e9geons vos donn\u00e9es personnelles. Notre chef de&#8230;<\/p>\n","protected":false},"author":1,"featured_media":408,"parent":0,"menu_order":0,"comment_status":"closed","ping_status":"closed","template":"","meta":{"_kad_post_transparent":"","_kad_post_title":"hide","_kad_post_layout":"fullwidth","_kad_post_sidebar_id":"","_kad_post_content_style":"unboxed","_kad_post_vertical_padding":"hide","_kad_post_feature":"hide","_kad_post_feature_position":"","_kad_post_header":false,"_kad_post_footer":false,"footnotes":""},"class_list":["post-9488","page","type-page","status-publish","has-post-thumbnail","hentry"],"aioseo_notices":[],"_links":{"self":[{"href":"https:\/\/ginetteachim.com\/agenceartistique\/wp-json\/wp\/v2\/pages\/9488","targetHints":{"allow":["GET"]}}],"collection":[{"href":"https:\/\/ginetteachim.com\/agenceartistique\/wp-json\/wp\/v2\/pages"}],"about":[{"href":"https:\/\/ginetteachim.com\/agenceartistique\/wp-json\/wp\/v2\/types\/page"}],"author":[{"embeddable":true,"href":"https:\/\/ginetteachim.com\/agenceartistique\/wp-json\/wp\/v2\/users\/1"}],"replies":[{"embeddable":true,"href":"https:\/\/ginetteachim.com\/agenceartistique\/wp-json\/wp\/v2\/comments?post=9488"}],"version-history":[{"count":4,"href":"https:\/\/ginetteachim.com\/agenceartistique\/wp-json\/wp\/v2\/pages\/9488\/revisions"}],"predecessor-version":[{"id":9492,"href":"https:\/\/ginetteachim.com\/agenceartistique\/wp-json\/wp\/v2\/pages\/9488\/revisions\/9492"}],"wp:featuredmedia":[{"embeddable":true,"href":"https:\/\/ginetteachim.com\/agenceartistique\/wp-json\/wp\/v2\/media\/408"}],"wp:attachment":[{"href":"https:\/\/ginetteachim.com\/agenceartistique\/wp-json\/wp\/v2\/media?parent=9488"}],"curies":[{"name":"wp","href":"https:\/\/api.w.org\/{rel}","templated":true}]}}